 are the prime factors of h?
2, 5
Let c be 1*-3 + (2 - 3). Let x(s) = 4*s**2 + s + 3. Let l(h) = 3*h**2 + h + 3. Let r(m) = -5*l(m) + 4*x(m). List the prime factors of r(c).
17
Suppose 64 = 18*m - 476. What are the prime factors of m?
2, 3, 5
What are the prime factors of 247/(45/660 + (-4)/(-22))?
2, 13, 19
Let z(r) = 47*r + 83. List the prime factors of z(3).
2, 7
Let h = -737 - -1040. List the prime factors of h.
3, 101
Let y be (-66)/429 + (-3852)/(-26). Suppose o + 0*o + n = 0, 2*o - 3*n = 10. Suppose -2*x - o*x = -y. List the prime factors of x.
37
Let r = -1 - -1. Suppose r = 2*v - 85 + 9. List the prime factors of v.
2, 19
Suppose -5 = a - 3. Let q(k) = k**3 - 2*k - 1. Let f(n) = 2*n**3 + n**2 - 4*n - 3. Let h(m) = 2*f(m) - 5*q(m). List the prime factors of h(a).
11
Let f(v) = -v + 20. Let d be f(15). Suppose -4*q + d*h + 76 = -104, -5*q = -5*h - 230. What are the prime factors of q?
2, 5
List the prime factors of (178 - 4)*66/12.
3, 11, 29
Suppose 4*l = -3*p - 15, -2*l + 6*p = 3*p - 15. Suppose l = -5*i - 2*s - 187 + 606, 5*s - 425 = -5*i. What are the prime factors of i?
83
What are the prime factors of 9 - 18 - -296*3?
3, 293
What are the prime factors of (23 - -6419)*4/8?
3221
Suppose 3*x = -0*x - c + 1301, -4*c = 3*x - 1289. List the prime factors of x.
3, 5, 29
Let u = -72 - -927. Suppose u = 5*v + 75. List the prime factors of v.
2, 3, 13
List the prime factors of (-171)/(-1539) + (-82)/36*-1796.
4091
Let c(r) = 4*r + 3. Let i be c(-7). Let l = i - -7. What are the prime factors of (-138)/4*l/27?
23
Suppose -4*u + o = -53, 4*u - 3*o - 53 = -6. Let y = u - -58. Let q = y + -39. What are the prime factors of q?
3, 11
Let b be (0 + (-190)/(-25))*-10. List the prime factors of (-2030)/(-8) + (-19)/b.
2, 127
Let c be 2 + ((-2)/(-1) - 1). Suppose 2*f - 2 = c*f. Let n = f + 66. List the prime factors of n.
2
Let k(i) = 6*i**2 - 30*i + 1. What are the prime factors of k(8)?
5, 29
Let f = -397 - -793. Suppose -2*m + 6*m = f. Let r = 148 - m. What are the prime factors of r?
7
Let d(o) = 618*o - 165. List the prime factors of d(6).
3, 1181
Suppose 106*j - 92*j - 6692 = 0. What are the prime factors of j?
2, 239
Let p(i) = 8*i - 25. Let v be p(5). Suppose 0*o + 2*o = -38. Let n = v - o. List the prime factors of n.
2, 17
Let j = -6 - -10. Let f = j - 0. Suppose 0 = -2*x + 28 - f. List the prime factors of x.
2, 3
Suppose -m = u + 2, 3*m = 6*m - 12. Let i = 466 + -266. List the prime factors of (i/6)/(-5)*u.
2, 5
Let k(p) = p**3 - 13*p**2 + 13*p - 9. Let y be k(12). Suppose 4*v + l - 36 = y*l, -l - 26 = -3*v. What are the prime factors of v?
2
What are the prime factors of (-1026)/285*1030/(-3)?
2, 3, 103
What are the prime factors of 0 + (-1)/(-3) - 976530/(-774)?
2, 631
Let w(g) = g**3 + 3*g**2 - 4. Let k(o) = -2*o + 8. Let p be k(5). Let c be w(p). Suppose c*f + 16 = 4*f. List the prime factors of f.
2
Let m be 20 + (4/4)/(-1). Suppose 3*q + q - 22 = -2*w, -m = -3*q - 4*w. Suppose a + q*r - 2 - 20 = 0, -5*a + 4*r + 168 = 0. What are the prime factors of a?
2
Let v = 3621 - 2182. What are the prime factors of v?
1439
Let x(h) = h + 15. Let i be x(0). Let g be 3/(9/i*1). Suppose -l + 2*n + 16 = g*n, -3*l - 4*n + 28 = 0. List the prime factors of l.
2
Let s = -113 + 290. Let o = s - 101. What are the prime factors of (-1 - 1) + o/2?
2, 3
Suppose -504 = -f - 3*f. Suppose f = 3*j - 81. What are the prime factors of j?
3, 23
Let p(u) = 57*u**3 + 2*u**2 - 1. Suppose 6*t - 100 = 20. Suppose 5*n - 4*s = s - t, 4*s - 22 = -2*n. List the prime factors of p(n).
2, 29
Let n be 9610/75 - -4*2/(-60). Let q = -14 + n. What are the prime factors of q?
2, 3, 19
Let h = 69 - -10. Let w = -44 + h. What are the prime factors of w?
5, 7
Suppose l - 8 = -3*l. Suppose 0 = -l*f + 51 + 47. What are the prime factors of f?
7
Let k(b) = -3*b**2 - 7*b + 12. Let w be k(-10). Let g = w + 351. What are the prime factors of g?
7, 19
Let q be 3 - (14 + (1 - 0)). Let l be 3/18 - 22/q. Suppose 2*m + 14 = 2*u, -l*u + m = -0 - 12. What are the prime factors of u?
5
Suppose 5*r = 4*c - 163, 2*r - c + 46 = -18. Let j = -7 - r. List the prime factors of j.
2, 3
Let r(q) = -q**2 - 63*q + 216. What are the prime factors of r(-48)?
2, 3, 13
Let q(a) = -20*a**3 + 43*a**2 - 11*a + 85. Let i(h) = 7*h**3 - 14*h**2 + 4*h - 28. Let l(x) = 17*i(x) + 6*q(x). List the prime factors of l(20).
2, 37
Let j(u) = -6*u + 22. Suppose 0*c + 4*c - 36 = 0. Let y be j(c). Let p = y + 52. What are the prime factors of p?
2, 5
Let c be 650/(-12) - (-5)/30. Let b = 77 + c. Suppose -2*p = -45 - b. List the prime factors of p.
2, 17
Let v(l) = 3*l - 4. Let q be v(4). What are the prime factors of (-870)/(-12) - 12/q?
71
Suppose -3*o + 5 = -22. Let p = o + -3. Suppose -l = p*l - 119. List the prime factors of l.
17
Let x = 40 - 7. Let w = x + -17. List the prime factors of w.
2
Suppose 904*m = 903*m + 1008. What are the prime factors of m?
2, 3, 7
What are the prime factors of 6 + ((-7698)/(-4) - 9/6)?
3, 643
Suppose 35*o + 9763 = 48*o. List the prime factors of o.
751
Let h(p) = 4*p**3 - 4*p + 3. Let j be h(2). Let x = -19 + j. List the prime factors of 6*((-380)/x)/(-5).
3, 19
Let a(p) = -34*p - 78. List the prime factors of a(-40).
2, 641
Suppose 9 - 3 = -r. Let d(l) = -l**3 - 6*l**2 - 4*l. Let b be d(r). Let y = b + -14. What are the prime factors of y?
2, 5
Let k = 7 + -10. List the prime factors of (21 - -1) + ((-3)/1 - k).
2, 11
Let c(i) = -i**3 + 15*i**2 - 17*i + 14. Let b(n) = -n**2 - 1. Let v(d) = 2*b(d) - c(d). Let y be v(16). Suppose -r + 2*r - 27 = y. List the prime factors of r.
3
Suppose -12331 = -13*w - 3413. What are the prime factors of w?
2, 7
Let p(d) = 2*d**3. Let t be ((-1)/3)/((-7)/21). Let h be p(t). Suppose -5*w - 58 = h*l - 4*l, -4*w = 5*l - 112. What are the prime factors of l?
2, 3
Suppose -4 = 4*k, -2*a + 22*k = 26*k - 6880. List the prime factors of a.
2, 1721
Let f(a) = 2*a + 2. Suppose 0*q - 28 = -4*q. Let u = -5 + q. What are the prime factors of f(u)?
2, 3
Let d be -4*((-16)/(-4) - 41). Suppose d + 4 = 4*z. What are the prime factors of z?
2, 19
Let d(o) = 3*o - 10. Let c be d(5). Suppose -12 - 13 = -z + c*j, -5*z + 99 = j. List the prime factors of z.
2, 5
Suppose -4*o = -2*o. Let i be 2/(4/6) - o. Suppose 7*m - i*m = 88. What are the prime factors of m?
2, 11
Let h be 5/(1/(-4)*2). Let m(x) = -x**3 - 15*x**2 + 6*x + 14. Let i(z) = z**3 + 14*z**2 - 5*z - 14. Let t(j) = -5*i(j) - 4*m(j). List the prime factors of t(h).
2
List the prime factors of 22316/21 + 4/12.
1063
Let z = -443 - -305. Let j = z - -212. List the prime factors of j.
2, 37
Let m be 100/(-6) - 4/(-6). Suppose 66 = 3*p + 3*f, 80 = 4*p - 4*f - 8. Let j = m + p. What are the prime factors of j?
2, 3
Let q(a) be the second derivative of -a**5/4 - a**4/12 + a**3/6 + a**2/2 + 3*a. Let y be q(-1). Suppose -2*v - 20 = -y*v. List the prime factors of v.
2, 5
Let b be 114/24 + (-2)/(-8). What are the prime factors of ((-10)/b - -47) + 0?
3, 5
Suppose 5*b = 2*b + 12. Suppose -4*c = 4*i - 247 - 29, b*c - 4*i = 244. Suppose 6*q - 151 = c. What are the prime factors of q?
2, 3
Let d be 0/4*7/(-28). Suppose -3*v + 127 = 5*m, d*m - m + 27 = v. List the prime factors of m.
23
Let g = -2 + 2. Suppose -z = d + 16, z - 2*d + 4*d + 12 = g. Let v = z + 66. List the prime factors of v.
2, 23
Let g = 251 - 179. Let s = 29 - 0. Let p = g - s. What are the prime factors of p?
43
Suppose 6229 = 6*c + 829. What are the prime factors of c?
2, 3, 5
Let a(z) be the first derivative of 49*z**2/2 - 5*z + 11. List the prime factors of a(3).
2, 71
Let x be ((179 - 1) + -1)*(-48)/72. Let z = x - -151. What are the prime factors of z?
3, 11
Let w be (-10 - -9)*(1 + 115/(-1)). Suppose -d = -3*a - 2*d - 238, -3*d - 82 = a. Let m = w + a. List the prime factors of m.
5, 7
Let o(w) = 4*w + 40. Let m be o(-8). What are the prime factors of m/(-12) - 1808/(-12)?
2, 3, 5
Let q(v) = 4*v**2 + 4*v + 1. Let i be q(3). Let z(g) = -8*g**2 + 2*g - 1. Let n be z(2). Let a = n + i. What are the prime factors of a?
2, 5
Suppose -2*p + 7*u - 2*u - 335 = 0, -5*p - 885 = -3*u. Let d = 263 + p. What are the prime factors of d?
83
What are the prime factors of 735/6*(-1040)/(-100)?
2, 7, 13
Let p(u) = 9*u + 87. Let q(i) = i + 11. Let d(x) = -4*p(x) + 33*q(x).